1552137?
5
What is the units digit of 109368?
8
What is the hundred thousands digit of 258026?
2
What is the units digit of 3015465?
5
What is the units digit of 46535?
5
What is the ten thousands digit of 456855?
5
What is the hundred thousands digit of 3486246?
4
What is the hundreds digit of 22178601?
6
What is the ten thousands digit of 114710?
1
What is the units digit of 119192?
2
What is the thousands digit of 19364321?
4
What is the ten thousands digit of 973374?
7
What is the hundred thousands digit of 176708?
1
What is the units digit of 2012?
2
What is the hundred thousands digit of 683483?
6
What is the tens digit of 936328?
2
What is the hundred thousands digit of 693832?
6
What is the units digit of 490077?
7
What is the hundred thousands digit of 625441?
6
What is the hundreds digit of 871816?
8
What is the hundreds digit of 2341152?
1
What is the units digit of 192456?
6
What is the tens digit of 9808948?
4
What is the units digit of 195775?
5
What is the units digit of 3266989?
9
What is the hundreds digit of 11436328?
3
What is the ten thousands digit of 228721?
2
What is the millions digit of 9946429?
9
What is the hundred thousands digit of 6288773?
2
What is the thousands digit of 2916757?
6
What is the units digit of 427251?
1
What is the ten thousands digit of 404383?
0
What is the ten thousands digit of 694007?
9
What is the millions digit of 6129018?
6
What is the units digit of 442746?
6
What is the thousands digit of 2725957?
5
What is the tens digit of 3579482?
8
What is the hundreds digit of 5413089?
0
What is the ten thousands digit of 235863?
3
What is the millions digit of 2292635?
2
What is the thousands digit of 100350?
0
What is the ten thousands digit of 561576?
6
What is the units digit of 2382098?
8
What is the hundred thousands digit of 135614?
1
What is the ten thousands digit of 251010?
5
What is the hundreds digit of 358727?
7
What is the millions digit of 22681723?
2
What is the hundred thousands digit of 1311444?
3
What is the hundred thousands digit of 524873?
5
What is the ten thousands digit of 727444?
2
What is the millions digit of 4295365?
4
What is the tens digit of 709909?
0
What is the hundred thousands digit of 247868?
2
What is the tens digit of 478394?
9
What is the units digit of 909678?
8
What is the hundred thousands digit of 11666698?
6
What is the thousands digit of 586172?
6
What is the hundreds digit of 285988?
9
What is the millions digit of 9057774?
9
What is the tens digit of 7547502?
0
What is the hundreds digit of 5610540?
5
What is the thousands digit of 113463?
3
What is the hundred thousands digit of 4571436?
5
What is the hundreds digit of 843736?
7
What is the thousands digit of 486252?
6
What is the ten thousands digit of 288067?
8
What is the hundred thousands digit of 712886?
7
What is the ten thousands digit of 443830?
4
What is the ten thousands digit of 10663586?
6
What is the ten thousands digit of 26245607?
4
What is the ten thousands digit of 14360625?
6
What is the thousands digit of 204527?
4
What is the millions digit of 6927569?
6
What is the units digit of 204121?
1
What is the hundreds digit of 1859548?
5
What is the hundreds digit of 774247?
2
What is the hundreds digit of 529484?
4
What is the tens digit of 2466231?
3
What is the hundreds digit of 267308?
3
What is the ten millions digit of 15205147?
1
What is the ten thousands digit of 3140317?
4
What is the thousands digit of 434075?
4
What is the tens digit of 1937221?
2
What is the thousands digit of 8642044?
2
What is the hundreds digit of 7513986?
9
What is the millions digit of 1739158?
1
What is the hundred thousands digit of 700862?
7
What is the ten thousands digit of 660022?
6
What is the thousands digit of 578278?
8
What is the hundred thousands digit of 204948?
2
What is the tens digit of 77859?
5
What is the hundred thousands digit of 28414439?
4
What is the millions digit of 9939290?
9
What is the tens digit of 2019359?
5
What is the units digit of 2446860?
0
What is the hundred thousands digit of 1081721?
0
What is the units digit of 1692585?
5
What is the tens digit of 67579?
7
What is the units digit of 3253869?
9
What is the ten thousands digit of 180742?
8
What is the tens digit of 1357955?
5
What is the millions digit of 6542362?
6
What is the hundreds digit of 4360807?
8
What is the ten thousands digit of 416115?
1
What is the thousands digit of 371862?
1
What is the tens digit of 2090619?
1
What is the ten thousands digit of 126797?
2
What is the tens digit of 89521?
2
What is the thousands digit of 15122900?
2
What is the ten thousands digit of 2273540?
7
What is the units digit of 4902535?
5
What is the tens digit of 4617418?
1
What is the ten thousands digit of 1673008?
7
What is the ten thousands digit of 681814?
8
What is the hundreds digit of 532612?
6
What is the units digit of 2502921?
1
What is the ten thousands digit of 255717?
5
What is the tens digit of 609605?
0
What is the millions digit of 12897372?
2
What is the thousands digit of 185144?
5
What is the ten thousands digit of 1620607?
2
What is the tens digit of 1443180?
8
What is the thousands digit of 99609?
9
What is the tens digit of 2176635?
3
What is the ten thousands digit of 19153049?
5
What is the ten thousands digit of 67966?
6
What is the units digit of 407?
7
What is the millions digit of 2876605?
2
What is the tens digit of 61053?
5
What is the millions digit of 7184035?
7
What is the hundreds digit of 544995?
9
What is the millions digit of 3090167?
3
What is the tens digit of 421653?
5
What is the millions digit of 2271042?
2
What is the hundred thousands digit of 1073450?
0
What is the hundred thousands digit of 4071099?
0
What is the ten thousands digit of 8534891?
3
What is the units digit of 80397?
7
What is the ten thousands digit of 10959586?
5
What is the ten thousands digit of 2005881?
0
What is the ten thousands digit of 4471082?
7
What is the tens digit of 17939?
3
What is the hundreds digit of 1103015?
0
What is the hundred thousands digit of 289591?
2
What is the thousands digit of 10312093?
2
What is the ten thousands digit of 298687?
9
What is the tens digit of 18146?
4
What is the units digit of 467452?
2
What is the units digit of 624037?
7
What is the hundred thousands digit of 2448109?
4
What is the hundreds digit of 1245870?
8
What is the thousands digit of 233279?
3
What is the ten thousands digit of 164812?
6
What is the millions digit of 17716834?
7
What is the units digit of 3665049?
9
What is the hundreds digit of 875813?
8
What is the hundreds digit of 258084?
0
What is the thousands digit of 627470?
7
What is the hundred thousands digit of 1551063?
5
What is the tens digit of 8391865?
6
What is the millions digit of 31891314?
1
What is the thousands digit of 414771?
4
What is the hundreds digit of 16129?
1
What is the hundreds digit of 745544?
5
What is the millions digit of 1469909?
1
What is the units digit of 101834?
4
What is the thousands digit of 166167?
6
What is the ten thousands digit of 125548?
2
What is the millions digit of 27451141?
7
What is the hundreds digit of 111116?
1
What is the hundred thousands digit of 1919685?
9
What is the hundreds digit of 5368275?
2
What is the tens digit of 2402244?
4
What is the units digit of 134105?
5
What is the thousands digit of 595068?
5
What is the millions digit of 37270400?
7
What is the thousands digit of 2390193?
0
What is the hundred thousands digit of 2511880?
5
What is the thousands digit of 63764?
3
What is the millions digit of 2769173?
2
What is the thousands digit of 8020214?
0
What is the ten thousands digit of 222835?
2
What is the tens digit of 492217?
1
What is the ten millions digit of 11602356?
1
What is the tens digit of 5579892?
9
What is the units digit of 3890428?
8
What is the tens digit of 205209?
0
What is the hundreds digit of 331730?
7
What is the ten thousands digit of 4107603?
0
What is the ten thousands digit of 5068631?
6
What is the millions digit of 1564186?
1
What is the tens digit of 602034?
3
What is the ten thousands digit of 242340?
4
What is the thousands digit of 556812?
6
What is the hundred thousands digit of 10245705?
2
What is the ten thousands digit of 196800?
9
What is the uni